{"id":92,"date":"2024-04-07T03:13:38","date_gmt":"2024-04-07T03:13:38","guid":{"rendered":"https:\/\/amigosdelcerro.org\/?page_id=92"},"modified":"2024-04-07T03:16:23","modified_gmt":"2024-04-07T03:16:23","slug":"mision","status":"publish","type":"page","link":"https:\/\/amigosdelcerro.org\/index.php\/mision\/","title":{"rendered":"Misi\u00f3n"},"content":{"rendered":"\t\t<div data-elementor-type=\"wp-page\" data-elementor-id=\"92\" class=\"elementor elementor-92\">\n\t\t\t\t<div class=\"elementor-element elementor-element-a0e2638 e-flex e-con-boxed e-con e-parent\" data-id=\"a0e2638\" data-element_type=\"container\">\n\t\t\t\t\t<div class=\"e-con-inner\">\n\t\t\t\t<div class=\"elementor-element elementor-element-eef7b64 elementor-widget elementor-widget-text-editor\" data-id=\"eef7b64\" data-element_type=\"widget\" data-widget_type=\"text-editor.default\">\n\t\t\t\t<div class=\"elementor-widget-container\">\n\t\t\t\t\t\t\t\t\t<p>La misi\u00f3n de nuestra Fundaci\u00f3n es contribuir activamente a la recuperaci\u00f3n y preservaci\u00f3n de la flora y fauna regional a trav\u00e9s de la siembra, la educaci\u00f3n comunitaria y la promoci\u00f3n de la diversidad ambiental y el desarrollo de proyectos sustentables que fomenten el desarrollo ambiental y social.<\/p>\t\t\t\t\t\t\t\t<\/div>\n\t\t\t\t<\/div>\n\t\t\t\t\t<\/div>\n\t\t\t\t<\/div>\n\t\t\t\t<\/div>\n\t\t","protected":false},"excerpt":{"rendered":"<p>La misi\u00f3n de nuestra Fundaci\u00f3n es contribuir activamente a la recuperaci\u00f3n y preservaci\u00f3n de la flora y fauna regional a trav\u00e9s de la siembra, la educaci\u00f3n comunitaria y la promoci\u00f3n de la diversidad ambiental y el desarrollo de proyectos sustentables que fomenten el desarrollo ambiental y social.<\/p>\n","protected":false},"author":1,"featured_media":0,"parent":0,"menu_order":0,"comment_status":"closed","ping_status":"closed","template":"","meta":{"footnotes":""},"aioseo_notices":[],"_links":{"self":[{"href":"https:\/\/amigosdelcerro.org\/index.php\/wp-json\/wp\/v2\/pages\/92"}],"collection":[{"href":"https:\/\/amigosdelcerro.org\/index.php\/wp-json\/wp\/v2\/pages"}],"about":[{"href":"https:\/\/amigosdelcerro.org\/index.php\/wp-json\/wp\/v2\/types\/page"}],"author":[{"embeddable":true,"href":"https:\/\/amigosdelcerro.org\/index.php\/wp-json\/wp\/v2\/users\/1"}],"replies":[{"embeddable":true,"href":"https:\/\/amigosdelcerro.org\/index.php\/wp-json\/wp\/v2\/comments?post=92"}],"version-history":[{"count":4,"href":"https:\/\/amigosdelcerro.org\/index.php\/wp-json\/wp\/v2\/pages\/92\/revisions"}],"predecessor-version":[{"id":101,"href":"https:\/\/amigosdelcerro.org\/index.php\/wp-json\/wp\/v2\/pages\/92\/revisions\/101"}],"wp:attachment":[{"href":"https:\/\/amigosdelcerro.org\/index.php\/wp-json\/wp\/v2\/media?parent=92"}],"curies":[{"name":"wp","href":"https:\/\/api.w.org\/{rel}","templated":true}]}}

Misión

<div data-elementor-type="wp-page" data-elementor-id="92" class="elementor elementor-92">
				<div class="elementor-element elementor-element-a0e2638 e-flex e-con-boxed e-con e-parent" data-id="a0e2638" data-element_type="container">
					<div class="e-con-inner">
				<div class="elementor-element elementor-element-eef7b64 elementor-widget elementor-widget-text-editor" data-id="eef7b64" data-element_type="widget" data-widget_type="text-editor.default">
				<div class="elementor-widget-container">
									<p>La misión de nuestra Fundación es contribuir activamente a la recuperación y preservación de la flora y fauna regional a través de la siembra, la educación comunitaria y la promoción de la diversidad ambiental y el desarrollo de proyectos sustentables que fomenten el desarrollo ambiental y social.</p>								</div>
				</div>
					</div>
				</div>
				</div>

<p>La misión de nuestra Fundación es contribuir activamente a la recuperación y preservación de la flora y fauna regional a través de la siembra, la educación comunitaria y la promoción de la diversidad ambiental y el desarrollo de proyectos sustentables que fomenten el desarrollo ambiental y social.</p>
