{"id":94,"date":"2024-04-07T03:13:38","date_gmt":"2024-04-07T03:13:38","guid":{"rendered":"https:\/\/amigosdelcerro.org\/?page_id=94"},"modified":"2024-04-07T03:30:43","modified_gmt":"2024-04-07T03:30:43","slug":"vision","status":"publish","type":"page","link":"https:\/\/amigosdelcerro.org\/index.php\/vision\/","title":{"rendered":"Visi\u00f3n"},"content":{"rendered":"\t\t<div data-elementor-type=\"wp-page\" data-elementor-id=\"94\" class=\"elementor elementor-94\">\n\t\t\t\t<div class=\"elementor-element elementor-element-f70a977 e-flex e-con-boxed e-con e-parent\" data-id=\"f70a977\" data-element_type=\"container\">\n\t\t\t\t\t<div class=\"e-con-inner\">\n\t\t\t\t<div class=\"elementor-element elementor-element-cb9b4fc elementor-widget elementor-widget-text-editor\" data-id=\"cb9b4fc\" data-element_type=\"widget\" data-widget_type=\"text-editor.default\">\n\t\t\t\t<div class=\"elementor-widget-container\">\n\t\t\t\t\t\t\t\t\t<p>Para el a\u00f1o 2030, aspiramos a ampliar en un 30% el \u00e1rea protegida de la Reserva Cerro de las Tres Cruces, iniciativa que los miembros han liderado con pasi\u00f3n y compromiso durante los \u00faltimos 35 a\u00f1os. Adem\u00e1s, nos proponemos encabezar nuevos proyectos de restauraci\u00f3n de zonas degradadas y promover programas educativos sobre medio ambiente en colegios y universidades. Estos esfuerzos tienen como objetivo posicionar a la Fundaci\u00f3n como una entidad reconocida a nivel nacional e internacional, caracterizada por su transparencia y compromiso social para el a\u00f1o 2030.<\/p>\t\t\t\t\t\t\t\t<\/div>\n\t\t\t\t<\/div>\n\t\t\t\t\t<\/div>\n\t\t\t\t<\/div>\n\t\t\t\t<\/div>\n\t\t","protected":false},"excerpt":{"rendered":"<p>Para el a\u00f1o 2030, aspiramos a ampliar en un 30% el \u00e1rea protegida de la Reserva Cerro de las Tres Cruces, iniciativa que los miembros han liderado con pasi\u00f3n y compromiso durante los \u00faltimos 35 a\u00f1os. Adem\u00e1s, nos proponemos encabezar nuevos proyectos de restauraci\u00f3n de zonas degradadas y promover programas educativos sobre medio ambiente en [&hellip;]<\/p>\n","protected":false},"author":1,"featured_media":0,"parent":0,"menu_order":0,"comment_status":"closed","ping_status":"closed","template":"","meta":{"footnotes":""},"aioseo_notices":[],"_links":{"self":[{"href":"https:\/\/amigosdelcerro.org\/index.php\/wp-json\/wp\/v2\/pages\/94"}],"collection":[{"href":"https:\/\/amigosdelcerro.org\/index.php\/wp-json\/wp\/v2\/pages"}],"about":[{"href":"https:\/\/amigosdelcerro.org\/index.php\/wp-json\/wp\/v2\/types\/page"}],"author":[{"embeddable":true,"href":"https:\/\/amigosdelcerro.org\/index.php\/wp-json\/wp\/v2\/users\/1"}],"replies":[{"embeddable":true,"href":"https:\/\/amigosdelcerro.org\/index.php\/wp-json\/wp\/v2\/comments?post=94"}],"version-history":[{"count":8,"href":"https:\/\/amigosdelcerro.org\/index.php\/wp-json\/wp\/v2\/pages\/94\/revisions"}],"predecessor-version":[{"id":113,"href":"https:\/\/amigosdelcerro.org\/index.php\/wp-json\/wp\/v2\/pages\/94\/revisions\/113"}],"wp:attachment":[{"href":"https:\/\/amigosdelcerro.org\/index.php\/wp-json\/wp\/v2\/media?parent=94"}],"curies":[{"name":"wp","href":"https:\/\/api.w.org\/{rel}","templated":true}]}}

Visión

<div data-elementor-type="wp-page" data-elementor-id="94" class="elementor elementor-94">
				<div class="elementor-element elementor-element-f70a977 e-flex e-con-boxed e-con e-parent" data-id="f70a977" data-element_type="container">
					<div class="e-con-inner">
				<div class="elementor-element elementor-element-cb9b4fc elementor-widget elementor-widget-text-editor" data-id="cb9b4fc" data-element_type="widget" data-widget_type="text-editor.default">
				<div class="elementor-widget-container">
									<p>Para el año 2030, aspiramos a ampliar en un 30% el área protegida de la Reserva Cerro de las Tres Cruces, iniciativa que los miembros han liderado con pasión y compromiso durante los últimos 35 años. Además, nos proponemos encabezar nuevos proyectos de restauración de zonas degradadas y promover programas educativos sobre medio ambiente en colegios y universidades. Estos esfuerzos tienen como objetivo posicionar a la Fundación como una entidad reconocida a nivel nacional e internacional, caracterizada por su transparencia y compromiso social para el año 2030.</p>								</div>
				</div>
					</div>
				</div>
				</div>

<p>Para el año 2030, aspiramos a ampliar en un 30% el área protegida de la Reserva Cerro de las Tres Cruces, iniciativa que los miembros han liderado con pasión y compromiso durante los últimos 35 años. Además, nos proponemos encabezar nuevos proyectos de restauración de zonas degradadas y promover programas educativos sobre medio ambiente en [&hellip;]</p>
